rt -4 (base 9) to base 3.
-11
4 (base 8) to base 16
4
What is b (base 13) in base 5?
21
Convert a (base 11) to base 13.
a
-4 (base 11) to base 3
-11
Convert -2 (base 9) to base 8.
-2
Convert 22 (base 13) to base 9.
31
Convert b (base 13) to base 16.
b
1 (base 15) to base 2
1
What is 3 (base 9) in base 5?
3
-e (base 16) to base 12
-12
What is 70 (base 11) in base 8?
115
What is 35 (base 14) in base 16?
2f
Convert 0 (base 10) to base 4.
0
What is 0 (base 13) in base 2?
0
2 (base 12) to base 3
2
Convert -115 (base 6) to base 12.
-3b
What is 1c2 (base 14) in base 2?
101101110
Convert -11000000 (base 2) to base 4.
-3000
Convert 10 (base 3) to base 4.
3
c (base 13) to base 2
1100
5 (base 7) to base 10
5
Convert -7 (base 12) to base 4.
-13
Convert 19 (base 13) to base 6.
34
What is -14 (base 9) in base 6?
-21
-1002 (base 3) to base 2
-11101
What is 9b (base 12) in base 10?
119
Convert 3b (base 14) to base 16.
35
Convert -5 (base 10) to base 7.
-5
Convert 7 (base 9) to base 10.
7
-11 (base 2) to base 10
-3
2 (base 14) to base 15
2
Convert -79 (base 12) to base 8.
-135
Convert -55 (base 8) to base 13.
-36
What is 2 (base 10) in base 16?
2
Convert 2 (base 7) to base 8.
2
Convert -14 (base 14) to base 15.
-13
-1022 (base 5) to base 16
-89
19 (base 15) to base 12
20
0 (base 11) to base 10
0
-214 (base 8) to base 15
-95
What is 221 (base 5) in base 12?
51
What is 5 (base 8) in base 12?
5
What is -2 (base 12) in base 13?
-2
Convert -10 (base 11) to base 15.
-b
What is 10 (base 16) in base 9?
17
1101 (base 2) to base 9
14
Convert -2a (base 13) to base 2.
-100100
Convert -2 (base 13) to base 3.
-2
Convert 15 (base 6) to base 15.
b
-3 (base 14) to base 2
-11
Convert -8 (base 16) to base 6.
-12
What is 2 (base 14) in base 13?
2
Convert -13 (base 8) to base 4.
-23
-6 (base 16) to base 13
-6
What is -1 (base 3) in base 14?
-1
Convert -29 (base 13) to base 6.
-55
What is -38 (base 10) in base 11?
-35
Convert 10213 (base 4) to base 7.
601
What is -4 (base 11) in base 2?
-100
-62 (base 13) to base 7
-143
-6 (base 11) to base 5
-11
What is 30 (base 4) in base 8?
14
Convert 9 (base 12) to base 9.
10
-3 (base 6) to base 10
-3
Convert 61 (base 13) to base 15.
54
1 (base 11) to base 14
1
What is b (base 15) in base 4?
23
-602 (base 8) to base 9
-468
Convert 2 (base 8) to base 14.
2
Convert 20 (base 6) to base 14.
c
Convert 20 (base 4) to base 6.
12
5 (base 8) to base 14
5
Convert 21 (base 4) to base 10.
9
-11212 (base 3) to base 16
-83
Convert 33 (base 4) to base 6.
23
-2 (base 7) to base 8
-2
c (base 14) to base 16
c
What is 1101101 (base 2) in base 15?
74
20 (base 13) to base 8
32
110 (base 2) to base 8
6
What is 101 (base 2) in base 13?
5
Convert -98 (base 12) to base 6.
-312
What is 12 (base 15) in base 4?
101
What is 2210 (base 3) in base 9?
83
Convert -3 (base 15) to base 2.
-11
-5 (base 16) to base 3
-12
11110 (base 2) to base 3
1010
-a1 (base 12) to base 6
-321
Convert 31 (base 15) to base 3.
1201
Convert -2b (base 13) to base 7.
-52
5 (base 11) to base 15
5
-2 (base 16) to base 7
-2
What is -333 (base 4) in base 15?
-43
What is -4 (base 5) in base 14?
-4
What is 207 (base 9) in base 4?
2221
Convert -5 (base 8) to base 2.
-101
What is c (base 16) in base 4?
30
9 (base 10) to base 11
9
-1013 (base 4) to base 2
-1000111
Convert -152 (base 11) to base 8.
-262
Convert 108 (base 11) to base 7.
243
-77 (base 15) to base 6
-304
11 (base 4) to base 5
10
Convert 202 (base 4) to base 14.
26
-1f (base 16) to base 3
-1011
Convert -3 (base 7) to base 8.
-3
What is -10011111 (base 2) in base 10?
-159
Convert -2 (base 14) to base 5.
-2
Convert 20 (base 8) to base 15.
11
Convert -25 (base 7) to base 5.
-34
Convert -96 (base 13) to base 14.
-8b
What is 4a (base 11) in base 9?
60
Convert -d (base 14) to base 8.
-15
-17 (base 11) to base 2
-10010
What is 52 (base 6) in base 4?
200
5 (base 16) to base 8
5
What is -1 (base 16) in base 3?
-1
What is 2 (base 12) in base 3?
2
What is -11 (base 7) in base 6?
-12
Convert a (base 12) to base 3.
101
What is 11 (base 6) in base 4?
13
What is -255 (base 8) in base 6?
-445
-22 (base 5) to base 9
-13
Convert -21 (base 4) to base 2.
-1001
2 (base 15) to base 13
2
Convert -43 (base 6) to base 15.
-1c
Convert 10 (base 2) to base 14.
2
Convert -10 (base 10) to base 9.
-11
37 (base 14) to base 15
34
What is 112 (base 6) in base 3?
1122
-53 (base 12) to base 11
-58
Convert 3 (base 13) to base 9.
3
-10 (base 6) to base 5
-11
-6 (base 8) to base 9
-6
11 (base 12) to base 14
d
-69 (base 12) to base 7
-144
What is -14 (base 5) in base 4?
-21
What is 7 (base 15) in base 12?
7
Convert 11 (base 4) to base 3.
12
-91 (base 11) to base 6
-244
What is -a6 (base 16) in base 15?
-b1
0 (base 16) to base 2
0
13b (base 12) to base 4
2333
Convert -c (base 13) to base 8.
-14
What is -a (base 12) in base 13?
-a
What is 71 (base 12) in base 9?
104
-9 (base 11) to base 5
-14
What is 20 (base 6) in base 13?
c
Convert -65 (base 12) to base 6.
-205
What is 102011 (base 3) in base 14?
177
What is -221 (base 6) in base 12?
-71
Convert 12 (base 14) to base 4.
100
-12202 (base 3) to base 14
-b1
-1 (base 13) to base 4
-1
Convert 0 (base 16) to base 7.
0
Convert -2 (base 6) to base 12.
-2
-4 (base 13) to base 12
-4
Convert -5 (base 16) to base 14.
-5
Convert 43 (base 10) to base 16.
2b
Convert -18 (base 11) to base 3.
-201
What is -2 (base 8) in base 5?
-2
What is 203 (base 4) in base 2?
100011
-2a8 (base 11) to base 16
-168
Convert -1a (base 14) to base 15.
-19
10011 (base 2) to base 7
25
What is -161 (base 8) in base 16?
-71
What is 365 (base 10) in base 7?
1031
Convert -32 (base 4) to base 13.
-11
-4 (base 8) to base 7
-4
Convert -3 (base 9) to base 10.
-3
-14 (base 11) to base 2
-1111
Convert 0 (base 10) to base 14.
0
Convert 4 (base 16) to base 8.
4
-4 (base 14) to base 9
-4
14 (base 5) to base 13
9
Convert 5 (base 9) to base 16.
5
What is -71 (base 14) in base 15?
-69
-101 (base 2) to base 12
-5
17e (base 16) to base 11
318
What is -100 (base 6) in base 5?
-121
Convert 1 (base 14) to base 13.
1
What is 0 (base 13) in base 7?
0
2 (base 12) to base 9
2
Convert -3 (base 5) to base 10.
-3
Convert e2 (base 15) to base 6.
552
110 (base 2) to base 4
12
What is -33 (base 5) in base 2?
-10010
What is -1 (base 14) in base 6?
-1
Convert 10 (base 3) to base 15.
3
Convert -214 (base 13) to base 3.
-111011
28b (base 12) to base 6
1455
Convert -42 (base 13) to base 16.
-36
-1 (base 11) to base 8
-1
What is 2 (base 8) in base 15?
2
6 (base 8) to base 16
6
-4 (base 12) to base 11
-4
2 (base 14) to base 15
2
What is 12 (base 14) in base 4?
100
6 (base 13) to base 10
6
Convert 66 (base 10) to base 12.
56
What is -2 (base 12) in base 15?
-2
Convert 8 (base 14) to base 12.
8
-4 (base 16) to base 9
-4
What is -34 (base 7) in base 2?
-11001
What is 302 (base 4) in base 13?
3b
What is -111 (base 6) in base 10?
-43
Convert 30 (base 4) to base 9.
13
What is -3 (base 5) in base 9?
-3
Convert -10 (base 16) to base 7.
-22
Convert 11 (base 2) to base 5.
3
-2 (base 13) to base 8
-2
-8 (base 12) to base 16
-8
What is -242 (base 8) in base 6?
-430
What is -4 (base 8) in base 13?
-4
What is 2 (base 6) in base 5?
2
Convert -37 (base 15) to base 11.
-48
What is 6 (base 8) in base 13?
6
Convert -25 (base 8) to base 7.
-30
Convert -dc (base 14) to base 4.
-3002
What is 1 (base 10) in base 15?
1
Convert -40 (base 12) to base 2.
-110000
Convert 63 (base 13) to base 16.
51
Convert 68 (base 16) to base 11.
95
What is 220 (base 7) in base 9?
134
What is -1 (base 13) in base 9?
-1
6 (base 14) to base 15
6
Convert -8 (base 16) to base 4.
-20
What is -2 (base 12) in base 7?
-2
What is -2c (base 13) in base 11?
-35
14 (base 5) to base 8
11
What is -21 (base 7) in base 16?
-f
What is -3 (base 15) in base 14?
-3
What is 531 (base 6) in base 11?
171
Convert 50 (base 10) to base 9.
55
-50 (base 7) to base 13
-29
-1 (base 5) to base 16
-1
Convert -2 (base 4) to base 2.
-10
What is -2 (base 14) in base 4?
-2
Convert 6 (base 13) to base 5.
11
Convert -1 (base 6) to base 3.
-1
Convert 120 (base 4) to base 9.
26
-1020 (base 6) to base 16
-e4
-18 (base 12) to base 11
-19
-12 (base 4) to base 14
-6
-4 (base 16) to base 11
-4
-2 (base 4) to base 9
-2
Convert -3 (base 11) to base 10.
-3
Convert 231 (base 5) to base 2.
1000010
W